 3*s, -2*u + 554 = -4*s. Calculate the remainder when u is divided by 67.
66
Let b(t) = -4*t**3 + 7*t**2 + t - 19. Let y(u) = 7*u**3 - 12*u**2 - 2*u + 39. Let d(v) = 5*b(v) + 3*y(v). Calculate the remainder when 80 is divided by d(0).
14
Suppose -404 = -2*k + 202. What is the remainder when k is divided by 22?
17
Let z(v) = v**3 - 7*v**2 + 6*v + 13. Let h(o) = -4*o + 68. What is the remainder when h(9) is divided by z(6)?
6
Let x(i) be the first derivative of -11*i**2/2 - 6*i + 22. Calculate the remainder when x(-4) is divided by (0 - -13)*1 + 0.
12
Suppose 0 = -2*i + 2 + 4. Let z be (20/6)/(i/126). Let v = 199 - z. Calculate the remainder when v is divided by 16.
11
Let u be (-3408)/(-90) - (-2)/15. Let l be -1*(-3 + 1) + 61. Let j = l - u. What is the remainder when j is divided by 13?
12
Suppose 4*h - 38 = 5*n, -n + 26 = -10*h + 12*h. What is the remainder when 78 is divided by h?
6
Let b(m) = m**3 - 9*m**2 + 7*m + 11. What is the remainder when 13 is divided by b(8)?
1
Suppose -4*v = 3*y - 102, -3*v - 106 = -y - 72. Calculate the remainder when 99 is divided by y.
31
Suppose -1171 = -8*i - 219. Let c = -112 + i. Calculate the remainder when (-11 + -1)/(0 - 1) is divided by c.
5
Let b(f) = -f**3 - 4*f**2 + f - 7. Let k be (-3 - (-2 - 3))*-79. Let l = k - -182. What is the remainder when l is divided by b(-5)?
11
Suppose 19*t - 3996 + 310 = 0. Calculate the remainder when t is divided by 14.
12
Let k(z) = z**2 + 2. Let x be 1/5 + 352/(-10). Let a = 87 + x. Calculate the remainder when a is divided by k(-4).
16
Let c(d) = d**2 + 47*d + 254. Calculate the remainder when 241 is divided by c(-6).
1
Let b = 38 + -18. Suppose 8*u = 6*u + 320. Let y = 239 - u. What is the remainder when y is divided by b?
19
Let k be (-6)/8*2*-2. Suppose -i + 5*a - 14 = -52, -i = k*a - 22. Let r = -163 + 168. What is the remainder when i is divided by r?
3
What is the remainder when 114 is divided by 3*-2*((-36)/8 - 5)?
0
Suppose 3*d = 4*l - 0*l - 22, 4*d + 5*l = -19. Let f be 10*((-39)/d - 1). Let s = f - 14. Calculate the remainder when s is divided by 11.
8
Let v(x) = -x**2 + 8*x + 2. Let b be v(8). Suppose b*h - 4*g = g + 46, -3*g - 25 = -h. What is the remainder when (-2304)/(-90) - 3/5 is divided by h?
12
Let d = 37 + -21. Suppose 4*x = s + 31 + d, 5*x = 5*s + 40. Calculate the remainder when x is divided by 8.
5
Suppose -8*h = -7*h + 5, 4*y + h - 247 = 0. Calculate the remainder when 435 is divided by y.
57
Suppose -108 = -4*q + 5*v, -q + 0 = -4*v - 16. Calculate the remainder when 81 is divided by 444/q - 2/(-16).
11
Suppose 6*g - 8 + 8 = 0. Suppose 4*l + 2*m - 20 = 2*l, -2*l + 5*m + 41 = g. What is the remainder when l is divided by 9?
4
Suppose -258*c + 528 = -236*c. What is the remainder when 180 is divided by c?
12
Let o = 9095 - 9059. Suppose -3*p = 3*a - 324, 0 = a - 6 + 1. What is the remainder when p is divided by o?
31
Suppose -2*x = -m - 11, x + 0*m - m - 7 = 0. Suppose -3*v + 2*n + 20 = -20, -3*v + x*n + 32 = 0. What is the remainder when 95 is divided by v?
15
Calculate the remainder when 399 is divided by 701/7 + (-2)/14.
99
Let v = -2 - -2. Suppose v = -4*y - y + 65. What is the remainder when y is divided by ((-2)/(-3))/(2/12)?
1
Suppose 587*p - 581*p - 132 = 0. Suppose 2*b = -3*o + 192, 3*b + 0*o = -o + 281. Let v = b - 6. Calculate the remainder when v is divided by p.
21
Let p(m) = -6*m**3 + 2*m**2 - 8*m - 3. Let d(z) = -13*z**3 + 3*z**2 - 15*z - 6. Let w(q) = 4*d(q) - 7*p(q). Calculate the remainder when w(-2) is divided by 26.
25
Let i(z) = z**3 + 4*z**2 + 2*z - 2. Let c be i(-2). Suppose -c*s = -3*s + 26. Calculate the remainder when 50 is divided by s.
24
Suppose 0 = -p + 3*t + 47, -51*p - 5*t + 169 = -48*p. What is the remainder when 207 is divided by p?
48
Let b be 60/48 + (-2)/8. Let o(k) = k**2 + 3*k. What is the remainder when -2 - b*292/(-4) is divided by o(3)?
17
Let g = 10 - 5. Suppose 0 = -2*i + g*u + 65, -2*u = -i - u + 28. Calculate the remainder when 388*(-4 - 17/(-4)) is divided by i.
22
Suppose -3*u - 112 = -2*h, -2*u = -3*h + 286 - 108. Suppose -10 = -15*m - 85. Let x(b) = b + 21. What is the remainder when h is divided by x(m)?
14
Suppose 44*o - 4232 = -48*o. Let n(x) = 3*x**2 - 4*x + 1. Calculate the remainder when o is divided by n(3).
14
Let a be (-1)/(-5) + (-1)/5. Let j(f) = 10*f - 2. Let d be j(-8). What is the remainder when (1/(-2) + a)*d is divided by 11?
8
Suppose 5*n - 456 = 144. Calculate the remainder when n is divided by 41.
38
Let l be (-2)/(-5) + (-104)/(-40). Suppose l*d - 224 = -d. Calculate the remainder when d is divided by 20.
16
Let h(z) = -4*z**2 - z - 2. Suppose -4*r + 4 = -5*t - 8, 5*r + 4*t + 26 = 0. Let l be h(r). Calculate the remainder when ((-6)/4)/(2/l) is divided by 8.
4
Let u be -15*((-12)/9 - (-3)/(-9)). Let i = -5 + u. What is the remainder when 3/6 - 465/(-6) is divided by i?
18
Suppose -3*a + 2*w = -0*w - 73, 2*w + 19 = a. Let p = -26 - -103. What is the remainder when a is divided by ((-6)/(-7))/(11/p)?
3
Let q(g) = 2*g - 17. Let x(f) = -6*f + 50. Let v(w) = -17*q(w) - 6*x(w). Let h be v(11). Let y = h - 4. What is the remainder when 11 is divided by y?
4
Suppose 3*a + 90 = -2*a. Let i = -7 - a. What is the remainder when i is divided by 7?
4
Let r = 182 - 15. Calculate the remainder when r is divided by (-5)/((-10)/86) + 0/8.
38
Let j be (255/(-12))/((-4)/(-16)). Let z = j - -215. Let m = z + -77. Calculate the remainder when m is divided by 19.
15
Let b = 443 + -436. What is the remainder when 17 is divided by b?
3
Let z(h) = -31*h - 66. What is the remainder when z(-5) is divided by 33?
23
What is the remainder when 215 is divided by 0 - (8/2 + -59)?
50
Suppose -10*s = -3723 + 2483. What is the remainder when 350 is divided by s?
102
Let l = -503 + 542. Calculate the remainder when l is divided by 10.
9
Let o(g) = 3*g**2 + 7*g + 32. What is the remainder when o(-7) is divided by 22?
20
Let y(s) = -3*s + 83. What is the remainder when y(18) is divided by 8?
5
Let x = -705 - -709. Calculate the remainder when 157 is divided by x.
1
Let p(b) = b**2 + 4*b + 17. Let q = 89 + -95. What is the remainder when p(q) is divided by 5?
4
Suppose r = 5 - 2. Let q be 0 + (12/r)/4. Let s(i) = 17*i. What is the remainder when 49 is divided by s(q)?
15
Suppose 3*n - 30 = 4*t, 4*t - 103 + 21 = -5*n. Calculate the remainder when 1648 is divided by n.
10
Let z(v) = -v**2 + 4*v + 5. Let q = -11 + 15. Let c be z(q). Suppose 59 + 71 = c*g. Calculate the remainder when 75 is divided by g.
23
Suppose 18*k + 11*k = 18995. What is the remainder when k is divided by 9?
7
Let h = 1549 + -1546. Calculate the remainder when 67 is divided by h.
1
Let z(q) = -q**3 + 12*q**2 - 155*q + 1602. Let y(x) = -52*x + 2. What is the remainder when y(-2) is divided by z(11)?
16
Let d(z) = 2*z**2 + z + 117. Suppose -7*k = -2*k. What is the remainder when d(k) is divided by 30?
27
Let v be (-8)/(-6)*(9 + -6). Suppose -2*q = v*q - 54. Let a(h) = -h**2 + 12*h - 20. Calculate the remainder when 13 is divided by a(q).
6
Suppose 177 + 3 = 5*m. Calculate the remainder when m is divided by (8/10)/((-5)/(-125)).
16
Suppose o + o = 106. What is the remainder when (4 + -4)/(-2) + o is divided by 9?
8
Suppose -3*v - 4*r + r + 249 = 0, 2*r = 4*v - 362. Calculate the remainder when v is divided by 18.
16
Calculate the remainder when 157 is divided by (-1169)/(-42) - (-4)/24.
17
Suppose -4*b = 2*k - 50, 0 = -4*k + 2*k - 3*b + 49. Calculate the remainder when 57 is divided by k.
11
Suppose 0 = -30*r + 860 + 9850. Calculate the remainder when r is divided by 30.
27
Suppose -3*l + 3*x = -26 - 67, 2*x + 98 = 3*l. Calculate the remainder when 65 is divided by l.
29
What is the remainder when 170 is divided by 108/24*40/6?
20
Suppose 3*b - 44 = -2*g, 2*g + 5*b - 44 = 9*b. What is the remainder when 74 is divided by g?
8
Suppose -14 + 69 = 5*j. Suppose 0 = 6*k - j*k + 285. Calculate the remainder when k is divided by 15.
12
Let d = 0 - 7. Let h be -1*(1 + -4 + d). Suppose -h*p + 6*p + 144 = 0. Calculate the remainder when p is divided by 10.
6
Let p(h) be the third derivative of h**6/360 + h**3/3 - 4*h**2. Let d(b) be the first derivative of p(b). What is the remainder when d(-3) is divided by 6?
3
Suppose -w = -128 - 34. Let h be (17/3)/(9/